Let h = a - 40. What is the remainder when 143 is divided by h?
35
Let h = -587 - -631. What is the remainder when h is divided by 16?
12
Suppose -f = -n + 48, f + 4*f - 200 = -5*n. Calculate the remainder when 169 is divided by n.
37
Suppose -2*c - 88 = c - 2*m, 4*m = -16. What is the remainder when 37 is divided by ((-5)/(-2))/((-8)/c)?
7
Suppose 21*i - 9*i - 204 = 0. Calculate the remainder when 866 is divided by i.
16
Suppose 14*d - 7150 = 5758. What is the remainder when d is divided by 33?
31
Suppose 11*p - 59 - 161 = 0. Calculate the remainder when 52 is divided by p.
12
Let j(u) = -u - 7. Let d be j(-24). Suppose 20*i = d*i + 24. Calculate the remainder when 85 is divided by i.
5
Let v be -3*6/(-36)*310. Suppose -105 + v = d. Let z = 13 + 0. What is the remainder when d is divided by z?
11
Suppose -3*i - 3*w + 4212 = 0, 5*w - 900 - 3322 = -3*i. What is the remainder when i is divided by 40?
39
Let r be -3*(3 - 60/9). Suppose -3*i + 32 = r. Let w(c) = -c**2 + 14*c - 10. Calculate the remainder when w(i) is divided by 14.
11
Suppose 398 + 862 = 15*y. What is the remainder when y is divided by 54?
30
Suppose -2*x - 73 = -7*x + 3*d, 0 = -3*x - d + 41. What is the remainder when 18 is divided by x?
4
Let b(k) = k**3 - 2*k**2 + 2*k - 4. Suppose -13*n + 9*n = -12. Calculate the remainder when 31 is divided by b(n).
9
Let w = -377 + 495. Calculate the remainder when w is divided by 41.
36
Let z = -1819 - -2645. Calculate the remainder when z is divided by 23.
21
Let l(w) = -w**2 + 20*w + 7. Let n(t) = -t**3 - 8*t**2 - 2*t - 7. Let g be n(-8). Let h = 21 + 6. What is the remainder when l(g) is divided by h?
25
Suppose 0 = -2*n + 3*i - 28 + 215, 3*n - 278 = 4*i. Calculate the remainder when 356 is divided by n.
12
Let p(y) = -y**2 - 13*y - 10. Suppose 4*w + 5 + 23 = 0. Calculate the remainder when p(w) is divided by (-6)/(-8)*23 + 9/(-36).
15
Let t(r) = -r**2 - 4*r + 7. Let i = 22 - 3. Calculate the remainder when i is divided by t(-4).
5
Let g = 10 - 21. Let u be (-12)/(-66) + 2/g. Suppose -3*b + 0 + 54 = u. Calculate the remainder when b is divided by 10.
8
Let g = 0 + 0. Suppose v - 2*d - 6 = g, v - 2 = -0*v - 2*d. Suppose v*u + 16 = 0, 5*u + 10 = y - 6*y. Calculate the remainder when 4 is divided by y.
0
Let o = 426 + -360. What is the remainder when o is divided by 17?
15
Let i = 45 - 42. Suppose 0 = -w + 2*b - 3 + 24, 0 = -i*b + 3. Calculate the remainder when 43 is divided by w.
20
Let t be 7 + -20 - (-1 + 1). Let k be 8*t*1/(-2). Suppose -3*q + 55 = 4*s, 4*s = 3*q + 5*s - k. What is the remainder when q is divided by 5?
2
Suppose -6*z + 2*z + 77 = s, -s = -5. Calculate the remainder when 83 is divided by z.
11
Suppose 2*f + 4*i = 3*f + 16, -5*i = -2*f - 20. Suppose f = t - 2*t + 15. What is the remainder when 73 is divided by t?
13
Let u(f) = f**2 + 8*f + 10. Let p be u(-7). Suppose 5*c + 2*w - 10 - 108 = 0, -p*c - w = -70. Calculate the remainder when 87 is divided by c.
21
Let c(f) = 8*f**2 + 16*f - 14. Let r be c(-8). Let o = r - 216. What is the remainder when o is divided by 12?
10
Suppose -7*v + 738 = 255. Calculate the remainder when v is divided by 10.
9
Suppose -933 = -31*b + 2880. Calculate the remainder when 381 is divided by b.
12
Suppose -31*d + 25 = -26*d. Suppose -3*b = 2 - 8. Suppose 0 = -b*u - 2*u + d*t + 39, 2*u - 5*t = 27. What is the remainder when 28 is divided by u?
4
Let z(y) = -y**3 + 8*y**2 + 12*y - 15. Let w(j) = j**2 - 7*j. Let d be w(8). Let o(t) = 2*t**2 + 3. Calculate the remainder when z(d) is divided by o(-3).
18
Calculate the remainder when 103 is divided by (8/8)/(1/124*4).
10
Suppose -5*l = 3*l - 3*l. Suppose l = -3*y - 4*y + 231. Calculate the remainder when 128 is divided by y.
29
Suppose 0 = -2*u + n - 8 - 8, n = 2. Let x = u + 15. Suppose -b + 36 = 4*p, 36 = -4*p + x*p + 3*b. What is the remainder when p is divided by 5?
4
Let p(w) = -3*w - 4. Let t = 100 + -89. Calculate the remainder when p(-12) is divided by t.
10
Suppose -3*t + 2*f = 19 - 76, 3*t = 4*f + 51. Calculate the remainder when 80 is divided by t.
17
Suppose -6*u + 548 = -3*u - 4*y, 0 = 4*u - 3*y - 733. What is the remainder when u is divided by 11?
8
Let h(q) = -q - 2. Let z be h(6). Let c be (1 - 0) + (-2 - z). Suppose -167 = -c*f - 41. What is the remainder when 106 is divided by f?
16
Let i be (44/6)/(36/(-54)). Let m = -10 - i. Calculate the remainder when 2 + m + -1 + 22 is divided by 7.
3
Let v(f) = -f**3 + 8*f**2 - f - 40. Suppose 0 = -5*b + 397 - 17. Calculate the remainder when b is divided by v(6).
24
Suppose 4*u + 55 = -217. Let x = u - -71. Calculate the remainder when 1*(4 - 2 - -1) is divided by x.
0
Suppose 5*l - l - 14 = -2*u, -4*l = -5*u - 35. Suppose 34 = l*c - k, -3*c + c + 8 = k. Calculate the remainder when 19 is divided by c.
1
Calculate the remainder when 1021 is divided by (-10611)/(-131) - (-12)/1.
91
Let s = -1912 + 1971. What is the remainder when 135 is divided by s?
17
Suppose -2*t + 0*z + 16 = 4*z, -5*t + 4*z + 110 = 0. Suppose 0 = -4*k + 5*i + 39, -2*k + t = -0*i - 2*i. Calculate the remainder when 9 is divided by k.
3
Suppose 21*o = 5*o + 6224. What is the remainder when o is divided by 6?
5
Let k(h) = 2*h - 15 + 4 + 18 + 14. Calculate the remainder when k(-4) is divided by 5.
3
Let u = 348 + 99. Calculate the remainder when u is divided by 15.
12
Suppose 133*n + 477 = 142*n. Let j(f) = -f**2 + 27. What is the remainder when n is divided by j(0)?
26
What is the remainder when (23/4)/((-2)/(-24)) is divided by 15?
9
Let c = -19 + 33. What is the remainder when 40 is divided by c*(2 + 0)/4?
5
Let a(q) = 4*q + 6. Let x be a(-3). Suppose h + r = 26, -h + 4*r = 2 - 8. Calculate the remainder when 30 is divided by x/(-33) - (-172)/h.
6
Let m(z) = -z + 45. What is the remainder when 92 is divided by m(10)?
22
Suppose -2*l = 3*p - 161, 5*l = 2*p - 0*p - 101. Calculate the remainder when 126 is divided by p.
20
Let y(o) = -14*o + 1. Suppose -241*b - 94 = -2745. What is the remainder when y(-1) is divided by b?
4
Suppose 4*c - 4 = 8. Suppose -4*t - c + 11 = 0. Calculate the remainder when 24 is divided by (-5)/t*72/(-20).
6
Suppose 0 = 5*v + 2*s - 429, 4*v + s = 4*s + 357. What is the remainder when v is divided by 15?
12
Suppose 134*t - 616 = 132*t. Calculate the remainder when t is divided by 26.
22
Let i = 542 - 446. Suppose 4*y - 13 = 43. What is the remainder when i is divided by y?
12
Let r(z) = z**3 + 17*z**2 - 23*z - 44. Let c be r(-18). Suppose 2 = 3*v - c. Calculate the remainder when v is divided by 7.
2
Let n(w) = -22*w + 5. Let t(y) = -1. Let g(f) = -n(f) - 6*t(f). Let q be g(2). Suppose -p + q = 4*p. What is the remainder when 23 is divided by p?
5
Suppose 22*w = 23*w + 15. Let q(s) = s + 26. Calculate the remainder when q(w) is divided by 5.
1
Suppose 10*m - 6*m - 8 = 0. Suppose m*c + 2*w + 0*w - 144 = 0, 0 = c - 5*w - 90. What is the remainder when c is divided by 38?
37
Let h(c) = c**3 + 17*c**2 + 17*c + 12. Let b be h(-15). Suppose b = 5*k + 42. Calculate the remainder when k is divided by 12.
9
Let t(k) = k**2 + 17*k - 43. Calculate the remainder when t(11) is divided by 67.
64
Suppose 29*f = 52*f - 161. Calculate the remainder when 95 is divided by f.
4
Suppose -5*s = -6*s - 29. Let b = s + 23. Calculate the remainder when 45 is divided by (21/b)/7*-32.
13
Suppose 72*b - 3014 = -422. Calculate the remainder when 113 is divided by b.
5
Suppose 49 = l - 2*p, 2*p + p - 141 = -4*l. What is the remainder when -2 + -2 + l + -3 is divided by 13?
6
Suppose -c - 8 = -5. Let i be c/(-12) - (-183)/(-12). Let o = 35 + i. Calculate the remainder when o is divided by 7.
6
Let l = -1 + 45. Calculate the remainder when l is divided by 24.
20
Let u be 9/(-12) - (-210)/(-8). Let a = u + 27. Suppose -2*c = -2*h - 2*h, a = -3*c + 12. Calculate the remainder when 7 is divided by h.
1
Suppose -3*l - g = -2*l - 46, 4*g + 184 = 4*l. Suppose 4*r - f - 93 = 0, 0*f = 3*r + 4*f - l. Let x = -213 + 277. What is the remainder when x is divided by r?
20
Let s(i) be the first derivative of 8*i - 2 + 1/3*i**3 + 5*i**2. What is the remainder when s(-10) is divided by 3?
2
Suppose 25 + 206 = -4*o - c, -2*c + 2 = 0. Let i = -44 - o. What is the remainder when 24 is divided by i?
10
Let p(f) = -6*f**3 + f**2 - f - 2. Let u be